at is the remainder when 31 is divided by p?
9
What is the remainder when 34 is divided by 40/14*(-7)/(-2)?
4
Let u = -14 - -29. Let m = u - 2. What is the remainder when m is divided by 8?
5
Let i = 9 + -5. Suppose 5*n - 54 = -3*l, 2*n = -i*l - 3*n + 67. Let p = -1 + l. What is the remainder when p is divided by 7?
5
Let a = -43 - -62. Calculate the remainder when 130 is divided by a.
16
Let z = -27 - -94. Let m = 2 - -21. What is the remainder when z is divided by m?
21
Suppose -4*r + w + 38 = -3*r, r - 4*w = 53. What is the remainder when r is divided by 7?
5
Let p be (-2 + 4 + 0)/(-2). Calculate the remainder when 1*-2 + 64/8 is divided by 2 - p/(2/4).
2
Let o = 17 + -14. Suppose -95 = -o*k - 2*f, -37 = -2*k - 5*f + 30. Calculate the remainder when 90 is divided by k.
28
Suppose -c + 32 = c. Let z(a) = -5*a - 5. Let p(u) = -u**2 - 1. Let q(k) = -p(k) - z(k). Calculate the remainder when c is divided by q(-5).
4
Suppose 7*n - 5*n - 64 = 0. Let u(r) = -5*r - 3. Calculate the remainder when n is divided by u(-4).
15
Let m(c) = -3*c**3 - c. What is the remainder when ((-75)/(-10) - 7)/(1/18) is divided by m(-1)?
1
Let b(j) = j**3 - 19*j**2 - 41*j - 10. What is the remainder when 1/(-1) + (0 - -22) is divided by b(21)?
10
Suppose 4*q - 36 = -2*b, -2*b + 3*b - 21 = -5*q. What is the remainder when b is divided by 9?
7
Let a(m) = -m**3 - 8*m**2 + 7. Let f = 0 - 8. Calculate the remainder when 27 is divided by a(f).
6
Let a = -4 + 6. Let l(p) be the first derivative of 2*p**3/3 - p**2/2 - 2*p + 2. What is the remainder when l(2) is divided by a?
0
Let p(u) = -u**3 - 9*u**2 - 7*u + 10. Let v be p(-8). Suppose c = -4*x + 106, v*c + 3*x + x - 196 = 0. Calculate the remainder when c is divided by 23.
21
Let r = 275 - 123. Let t = -81 + r. Calculate the remainder when t is divided by 18.
17
Calculate the remainder when 16 is divided by -2 - -1 - (-2 - 8).
7
Suppose -9 = c - 2*c. Let o(q) = -q**3 - 13. Let z be o(0). Let k = z + 19. What is the remainder when c is divided by k?
3
Let c(w) = w**3 - 5*w**2 - 4*w - 7. Let u be c(6). Suppose -m = 4*m - u*j - 20, 4*m - 21 = 5*j. Calculate the remainder when m + (-1 - 36/(-3)) is divided by 3.
1
Suppose -3*v = 2*t - 100, 3*t = 2*v + 2*t - 69. Suppose 75 = 6*d - d + 5*c, 2*d + 4*c = 24. What is the remainder when v is divided by d?
16
Let p be -1*(-5)/(10/6). Let t(z) = 2 - 1 - 3*z + 6*z - p. Calculate the remainder when 36 is divided by t(5).
10
Let t(u) = u + 4. Let o be t(-7). Let s(c) = 5*c**3 + c**2 - 2*c + 1. Let a be s(1). Let w = o + a. What is the remainder when w is divided by 1?
0
Calculate the remainder when 51*5*8/60 is divided by 13.
8
Suppose 3*p + 2*y - 102 = -0*y, -2*y + 136 = 4*p. What is the remainder when 65 is divided by p?
31
Let n(c) = c**2 - 4*c - 8. Let v be n(6). Let t = -9 + v. Let r = 6 + t. What is the remainder when r is divided by 1?
0
Calculate the remainder when 162 - -1*(5 - 2) is divided by 42.
39
Suppose 4*i = -i + 15. Suppose v - 60 = -i*v. What is the remainder when 8/(-1)*v/(-10) is divided by 7?
5
Suppose -f + 21 + 5 = 0. Let o = 6 + -9. Let d = o - -17. What is the remainder when f is divided by d?
12
Suppose 14*z - 240 = -10*z. Calculate the remainder when -4*19/(-2) - -1 is divided by z.
9
Let f = 88 - 37. Calculate the remainder when f is divided by 28.
23
Suppose -75 = -4*x - s, -x + 3 = -0*s - 5*s. Calculate the remainder when x is divided by 5.
3
Let v(d) = -d**3 + 10*d**2 - 10*d - 3. Let o be -5*(3 - 66/15). Calculate the remainder when v(o) is divided by 19.
17
Let p(u) = 4*u - 8. Let f be p(5). Suppose 5*g = 2*g + f. Suppose -5*t = -3*l + 4*l - 72, -4*t = -2*l - 52. What is the remainder when t is divided by g?
2
Suppose 0 = 2*o - 1 + 3, -3*o = p - 9. Let z(c) = c**2 + 6*c + 3. Let l be z(-5). Let m = l + p. Calculate the remainder when m is divided by 4.
2
Suppose -a = a - 28. Suppose -32 - a = -2*j. Calculate the remainder when j is divided by 12.
11
Suppose 5*g = -5*v + 2*v + 60, 0 = -5*g + 5*v + 60. Let n be 1/((-3)/(-15 - 0)). Suppose n*t - 43 = g. What is the remainder when t is divided by 6?
5
Suppose 3*l + 9 = 0, -3*h + 2*l + 2*l = -12. Let t be h + (0 - 2) + 10. Suppose g - 9 = t. Calculate the remainder when g is divided by 6.
5
Let z = -237 - -335. Calculate the remainder when z is divided by 20.
18
Let i(u) = -37*u - 8. What is the remainder when i(-2) is divided by 23?
20
Suppose -3*a - 229 = b, -241 - 86 = 4*a - 3*b. Let g = a + 157. Calculate the remainder when g is divided by 20.
19
Suppose 3*x - 12 = -3*u - 0*u, -3*x - 5*u = -8. Calculate the remainder when 22 is divided by x.
4
Suppose 0 = -10*w - w + 374. What is the remainder when w is divided by 6?
4
Let k(b) = b**3 - 4*b**2 + b - 1. Suppose 0 = w - 4 - 0. Suppose -3*z + 4*l = -28, 5*z - 9*l + w*l - 40 = 0. Calculate the remainder when 7 is divided by k(z).
1
Suppose 4*b = 2*s + 2 + 16, -s + 3*b - 5 = 0. Let v = 32 + s. What is the remainder when v is divided by 9?
6
What is the remainder when 67 is divided by 9/12 + -1 + 174/24?
4
Suppose 0 = 3*z - 5 - 10. Suppose -z*a - 2*q + 185 = 0, 3*q - 63 = 4*a - 6*a. What is the remainder when a is divided by 21?
18
Let b(w) = -11*w. Calculate the remainder when b(-9) is divided by 34.
31
Let h = -25 - -52. What is the remainder when h is divided by 7?
6
Let i(s) = s**3 + 10*s**2 + 15*s - 8. What is the remainder when 62 is divided by i(-7)?
28
Calculate the remainder when 23 is divided by 26/3 - (-5 - 56/(-12)).
5
Suppose -v + 11 = -l - 4*l, -2*v - 5*l + 22 = 0. Calculate the remainder when v is divided by 5.
1
Let s(g) = -6*g**3 + 7*g**2 - g - 3. Let c(r) = -r**3 + r. Let b(t) = 5*c(t) - s(t). What is the remainder when 7 is divided by b(6)?
1
Suppose 21 + 48 = 3*y. Calculate the remainder when 157 is divided by y.
19
Let l(u) = 2*u**2 - 17*u + 45. Suppose 9 = 3*p, 3*w - p = 7*w - 119. Calculate the remainder when w is divided by l(5).
9
Suppose 0*z + 3*z = 45. What is the remainder when 44 is divided by z?
14
Let v(m) = m**3 + 19*m**2 + 17*m + 2. What is the remainder when 32 is divided by v(-18)?
12
Let y(a) = -a**3 + 4*a + 3. Let j be y(-2). Suppose 4*p - 106 = 2*f, -112 = -4*p + j*f + f. Let l = p - 12. What is the remainder when l is divided by 7?
6
Suppose d = -4*d + 25. Let i = -17 - -26. Calculate the remainder when i is divided by d.
4
Let f = 29 + -14. Let c(u) = 26*u**2 - 2*u - 1. Calculate the remainder when c(-1) is divided by f.
12
Let h(b) be the first derivative of -b**4/4 - 8*b**3/3 - 9*b**2/2 - 9*b + 1. What is the remainder when 9 is divided by h(-7)?
4
Let d = -14 - -33. Calculate the remainder when d is divided by 11.
8
Let p(m) = -m + 3. Let x be p(5). Let n be (-10)/(-3) + x/6. Let k(f) = 7*f - 3. What is the remainder when k(n) is divided by 10?
8
Let y = -9 - -26. Let q = 4 - -28. What is the remainder when q is divided by y?
15
Suppose -260 = -14*s + 4*s. Calculate the remainder when 181 is divided by s.
25
Let v(g) = -g**3 - g**2 - 2*g + 73. Calculate the remainder when v(0) is divided by 19.
16
Suppose -r = 4*f + 19, -3*f - r + 11 = -4*f. Suppose -2*j + 30 = -4*q, 0*q - 55 = -3*j - 4*q. Calculate the remainder when j is divided by (-19)/(-3) + 2/f.
5
Suppose 3*i + 12 = 5*i. Suppose -v + 1 + 16 = 0. What is the remainder when v is divided by i?
5
Let r = -1 + 1. Let d = 1 - r. Suppose 0 = -3*t + 6. What is the remainder when t is divided by d?
0
Suppose -f + 47 = 4*u, 3*f + 0*u = -2*u + 171. What is the remainder when f is divided by 32?
27
Let y(t) = -t**2 - t - 1. Let u(r) = 6*r. Let g(w) = -u(w) - y(w). What is the remainder when 27 is divided by g(7)?
12
Let d(h) = -h**2 - 7*h - 4. Calculate the remainder when 64 is divided by d(-5).
4
Calculate the remainder when 99/(7 - 4)*6/9 is divided by 13.
9
Suppose 0 = -2*m - 4*u - 46, 0*u + 5*u + 43 = -2*m. Let j = 54 + m. Let r = -8 + j. What is the remainder when 32 is divided by r?
15
Suppose -5*k + f = -2*f - 154, -k + 17 = 4*f. Suppose 0 + 8 = -r. Let i = 2 - r. What is the remainder when k is divided by i?
9
Let a = 18 + -13. Calculate the remainder when 6 is divided by a.
1
Let p be 1/3 - (-66)/18. Let b = p - -2. Calculate the remainder when 16 is divided by b.
4
Suppose k + 1 = 5*x + 14, 2*k - 5*x - 31 = 0. Calculate the remainder when 69 is divided by k.
15
Su